digit of 956995127?
5
What is the ten millions digit of 1834170800?
3
What is the hundred thousands digit of 380669903?
6
What is the hundreds digit of 68978340?
3
What is the millions digit of 42503324?
2
What is the ten millions digit of 818125401?
1
What is the ten millions digit of 3074275244?
7
What is the hundreds digit of 568202933?
9
What is the hundreds digit of 595174800?
8
What is the tens digit of 72605108?
0
What is the hundred millions digit of 104866866?
1
What is the ten millions digit of 1272714525?
7
What is the tens digit of 834439731?
3
What is the ten millions digit of 1573299200?
7
What is the millions digit of 654999784?
4
What is the units digit of 198472262?
2
What is the millions digit of 246663803?
6
What is the units digit of 1417951590?
0
What is the hundreds digit of 3008602587?
5
What is the thousands digit of 1631038336?
8
What is the hundred millions digit of 3032031807?
0
What is the hundred thousands digit of 55945939?
9
What is the tens digit of 146364549?
4
What is the hundreds digit of 50039703?
7
What is the millions digit of 333124900?
3
What is the units digit of 1768979?
9
What is the tens digit of 63408891?
9
What is the hundred millions digit of 320944674?
3
What is the hundred thousands digit of 736092254?
0
What is the thousands digit of 450274272?
4
What is the hundred millions digit of 430386586?
4
What is the ten millions digit of 84977057?
8
What is the ten thousands digit of 64797063?
9
What is the hundred thousands digit of 245922487?
9
What is the units digit of 2220023604?
4
What is the ten millions digit of 7473564703?
7
What is the ten thousands digit of 1103134609?
3
What is the thousands digit of 179590635?
0
What is the units digit of 277210084?
4
What is the hundreds digit of 821656140?
1
What is the ten thousands digit of 2769712131?
1
What is the units digit of 73349755?
5
What is the millions digit of 5798492630?
8
What is the tens digit of 571704947?
4
What is the ten millions digit of 193307151?
9
What is the units digit of 414179384?
4
What is the millions digit of 303731404?
3
What is the hundreds digit of 4518198448?
4
What is the thousands digit of 94450840?
0
What is the hundreds digit of 238046815?
8
What is the units digit of 41397529?
9
What is the ten thousands digit of 1816659984?
5
What is the units digit of 1028649777?
7
What is the tens digit of 628032831?
3
What is the hundred millions digit of 239558981?
2
What is the tens digit of 445577093?
9
What is the hundreds digit of 592469176?
1
What is the thousands digit of 585841006?
1
What is the hundreds digit of 62822584?
5
What is the ten thousands digit of 82096062?
9
What is the tens digit of 453699676?
7
What is the hundred thousands digit of 9156154?
1
What is the millions digit of 24453271?
4
What is the tens digit of 142160473?
7
What is the millions digit of 3505100?
3
What is the thousands digit of 15624455?
4
What is the thousands digit of 21547981?
7
What is the thousands digit of 167585875?
5
What is the millions digit of 99457851?
9
What is the hundred thousands digit of 1531068115?
0
What is the tens digit of 2731099850?
5
What is the millions digit of 555319544?
5
What is the ten thousands digit of 861054103?
5
What is the ten millions digit of 14954852?
1
What is the hundreds digit of 2999083129?
1
What is the tens digit of 12554401?
0
What is the ten millions digit of 34202141?
3
What is the thousands digit of 608145816?
5
What is the hundred thousands digit of 937034311?
0
What is the units digit of 215555248?
8
What is the thousands digit of 41419758?
9
What is the hundred thousands digit of 1042097269?
0
What is the thousands digit of 1343210778?
0
What is the units digit of 167238701?
1
What is the hundreds digit of 300821017?
0
What is the hundreds digit of 63349938?
9
What is the hundreds digit of 89081770?
7
What is the tens digit of 3184544?
4
What is the units digit of 45603639?
9
What is the tens digit of 30221384?
8
What is the hundreds digit of 923795362?
3
What is the millions digit of 32615635?
2
What is the ten thousands digit of 71300552?
0
What is the tens digit of 47310218?
1
What is the units digit of 87796101?
1
What is the hundred thousands digit of 16991797?
9
What is the ten millions digit of 795614783?
9
What is the units digit of 171679622?
2
What is the units digit of 251862370?
0
What is the thousands digit of 612407?
2
What is the units digit of 2237910?
0
What is the hundreds digit of 65352633?
6
What is the millions digit of 239924081?
9
What is the hundred millions digit of 4370838806?
3
What is the billions digit of 5985803783?
5
What is the hundred thousands digit of 472361431?
3
What is the ten thousands digit of 3779105209?
0
What is the thousands digit of 248811279?
1
What is the units digit of 21729529?
9
What is the thousands digit of 79277047?
7
What is the ten millions digit of 49236638?
4
What is the ten thousands digit of 108870456?
7
What is the tens digit of 21909005?
0
What is the hundreds digit of 97381285?
2
What is the hundred thousands digit of 426606069?
6
What is the ten millions digit of 29555995?
2
What is the ten thousands digit of 39527555?
2
What is the hundred millions digit of 171590621?
1
What is the ten thousands digit of 474696646?
9
What is the ten thousands digit of 4944571487?
7
What is the hundred thousands digit of 7287256?
2
What is the tens digit of 41782910?
1
What is the hundred thousands digit of 457964162?
9
What is the units digit of 99829673?
3
What is the ten millions digit of 319905224?
1
What is the units digit of 639870721?
1
What is the billions digit of 4306534915?
4
What is the ten millions digit of 68332799?
6
What is the tens digit of 3799577566?
6
What is the hundred thousands digit of 364811197?
8
What is the millions digit of 10299657?
0
What is the ten millions digit of 1328407214?
2
What is the hundreds digit of 33956989?
9
What is the ten thousands digit of 2322724209?
2
What is the millions digit of 687236313?
7
What is the hundred thousands digit of 52728590?
7
What is the hundreds digit of 40268740?
7
What is the ten millions digit of 66404130?
6
What is the millions digit of 36723798?
6
What is the millions digit of 20810135?
0
What is the tens digit of 1305294?
9
What is the hundreds digit of 520634715?
7
What is the hundred millions digit of 2269097255?
2
What is the ten thousands digit of 600471989?
7
What is the ten millions digit of 30365068?
3
What is the millions digit of 28358074?
8
What is the ten thousands digit of 119481050?
8
What is the thousands digit of 70850761?
0
What is the hundred thousands digit of 49857260?
8
What is the ten thousands digit of 145873926?
7
What is the hundred millions digit of 244042958?
2
What is the hundred thousands digit of 653813696?
8
What is the tens digit of 48138610?
1
What is the hundreds digit of 7377104506?
5
What is the thousands digit of 314552155?
2
What is the ten thousands digit of 239583853?
8
What is the millions digit of 294558529?
4
What is the tens digit of 137355034?
3
What is the ten millions digit of 946761575?
4
What is the hundred millions digit of 709915878?
7
What is the tens digit of 2302978423?
2
What is the ten millions digit of 47988069?
4
What is the units digit of 114661419?
9
What is the tens digit of 28819012?
1
What is the thousands digit of 28235536?
5
What is the thousands digit of 1168695?
8
What is the billions digit of 1019990967?
1
What is the millions digit of 1707377540?
7
What is the ten millions digit of 189780540?
8
What is the tens digit of 157441015?
1
What is the thousands digit of 337784636?
4
What is the hundreds digit of 26336402?
4
What is the millions digit of 2155871294?
5
What is the units digit of 67317467?
7
What is the units digit of 925422084?
4
What is the units digit of 524792856?
6
What is the hundreds digit of 79873933?
9
What is the hundred millions digit of 696156308?
6
What is the hundred thousands digit of 33782915?
7
What is the tens digit of 4099971614?
1
What is the millions digit of 60671588?
0
What is the thousands digit of 175894184?
4
What is the ten thousands digit of 540707299?
0
What is the millions digit of 201072173?
1
What is the ten thousands digit of 721406138?
0
What is the hundreds